(-1)/(-2) + 0)*0. Let g be (-126*6/135)/((-2)/(-10)*-2). Suppose m = -2*d + g + 68. List the prime factors of d.
41
Let s = -3173 - -9319. List the prime factors of s.
2, 7, 439
List the prime factors of ((-42)/30 + -7)/((-15)/242600*4).
2, 7, 1213
List the prime factors of (30 - 31)/(2/(-80286) + 0).
3, 13381
Let m be ((-3)/1)/(9/(-6)). Suppose c = -o + 2, -3*c = -5*o + 109 - 131. Suppose -167 = -q + m*w, 5*q - 779 = c*w - 8*w. What are the prime factors of q?
3, 53
Suppose -3*x = 5*g - 499, 18*g = 15*g - 3*x + 303. Suppose -26*o - g = -33*o. What are the prime factors of o?
2, 7
Let w(s) = s + 12. Let h be w(-5). Suppose h*i = 4*i - 999. Let y = -234 - i. List the prime factors of y.
3, 11
Let c(v) = -4*v - 16. Let o be c(-5). Suppose 30*f + 635 = 3*y + 25*f, o*y - 858 = f. What are the prime factors of y?
5, 43
Suppose -2*w = -5*j + 17, -5*j - 2 + 22 = -5*w. Suppose -d + 168 = j*b - 6*b, 3*d = 4*b + 494. What are the prime factors of d?
2, 3
Let s(m) = -m**3 + 13*m**2 - 23*m + 14. Let f be s(11). Let u(z) = z**f - 3*z + 0*z + 11 + 2 + 8*z**2 - 2*z. List the prime factors of u(-7).
97
Let g(s) = -7 - 38*s + 15 - 6 - 4. Let c(w) = w + 1. Let v(j) = -6*c(j) + 2*g(j). List the prime factors of v(-3).
2, 59
Suppose 1285400 = 148*g + 582853 - 1033937. List the prime factors of g.
3, 3911
Suppose 23149 = -6*z + 77455 + 30036. List the prime factors of z.
14057
What are the prime factors of (-8297 - -18)/(7 + 216/(-30))?
5, 17, 487
Let y = 29636 - 21795. List the prime factors of y.
7841
Let u(w) = 6*w**2 - w. Let t be u(1). List the prime factors of (t + -2 - 0)/(6/356).
2, 89
Suppose c = 3*s - 449, c - 751 = -5*s - 0*c. Let k = s + -85. Let d = k + 45. List the prime factors of d.
2, 5, 11
Let z = 8 - 12. Let q = z - -20. Let g = q - -10. What are the prime factors of g?
2, 13
Let w(g) = 2*g**3 + g**2 - 5*g - 6. Let q be w(3). Suppose 2*n - z - 201 = 0, -3*n - 4*z - q = -349. What are the prime factors of n?
101
Let p = -42309 - -67080. What are the prime factors of p?
3, 23, 359
Let s = -27 - -202. Let z = s + 246. List the prime factors of z.
421
Let p(g) = -g**3 - g**2 + 5*g + 1. Suppose u + 2*d = 35, 3*u + 0*d - 97 = -2*d. Let n = u + -36. List the prime factors of p(n).
2, 19
Let c(v) = v + 1 + 4*v**3 - 19*v**3 + 3*v. Suppose 41*y - 102 = 92*y. What are the prime factors of c(y)?
113
Let d = -8 + 16. Let y(n) = -5*n + 113 - 6*n + d*n**2 - 109. List the prime factors of y(3).
43
Let k(f) = f**3 + 27*f**2 + 25*f - 22. Let c be k(-26). Suppose -c*l - u - 3*u + 1112 = 0, 4*u = -l + 290. What are the prime factors of l?
2, 137
Let f(q) be the second derivative of q**5/20 + q**4/2 + q**3/3 + 23*q**2/2 - 8*q. Let z be f(-5). Let o = z + 23. List the prime factors of o.
61
Let l(j) = -5*j + 73 - j**2 + 6*j + 0*j. What are the prime factors of l(0)?
73
Suppose 5*w = 49*m - 47*m + 57905, 34722 = 3*w + 3*m. What are the prime factors of w?
11579
Let d(r) = 40*r**2 - 5*r + 1. Let g be d(3). Let h = g - -466. What are the prime factors of h?
2, 7, 29
What are the prime factors of ((-17342)/29)/((-2)/156)?
2, 3, 13, 23
Let s be 10/25 - 18390/(-25). Let x = -414 + s. What are the prime factors of x?
2, 7, 23
Let v = 1481 + 1940. What are the prime factors of v?
11, 311
Let a be (-70)/(-15) + (-1)/(-3). Suppose -a*o - 37 = 18. Let l(t) = -t**2 - 12*t + 6. List the prime factors of l(o).
17
Let w(u) be the first derivative of 10 + 2/3*u**3 - 8*u + 5*u**2. List the prime factors of w(4).
2
Let a(z) = z + 21. Let f be a(-15). Suppose 0 = -h + f - 4. What are the prime factors of h/5 - -4*1734/60?
2, 29
Suppose 0 = 12*t - 11*t - 701. Suppose 9*a = t + 577. What are the prime factors of a?
2, 71
Suppose k = -w + 2023, 2*w - 180 - 3872 = -3*k. What are the prime factors of w?
2017
Let q be (-2)/5 - (-27)/5. Suppose 4*u + 26 = 3*m, q*m - 3*u - 58 = -0*u. Suppose -r + m + 82 = 0. List the prime factors of r.
2, 3
Let u be 7 - 111 - (-1 - -6). Let a = u - -721. List the prime factors of a.
2, 3, 17
Let y = -72867 + 118918. What are the prime factors of y?
46051
Let s = 212 + -205. What are the prime factors of (-2)/s + -3 + (-20545)/(-49)?
2, 13
What are the prime factors of (-36)/8 - (-3 + 960375/(-10)) - -8?
2, 13, 1847
Let v be (-9*(-2)/12)/(1/12). Let z(s) = -1. Let d(p) = -4*p - 21. Let g(r) = -d(r) + 5*z(r). List the prime factors of g(v).
2, 11
Let g = 826 + 2468. Suppose 14*s - g = 5*s. List the prime factors of s.
2, 3, 61
Suppose -3*w + 2*f + 25461 = 3447, -2*f = 0. List the prime factors of w.
2, 3, 1223
List the prime factors of -13*(-3)/78*27402/3.
4567
Let g(p) = -p**2 + 14*p + 56. Let h be g(17). Suppose h*s + 24*s = 9918. What are the prime factors of s?
2, 3, 19
Suppose -1291*z + 1277*z = -59010. List the prime factors of z.
3, 5, 281
Let s be 3/(6/(-20)) - (-1 + -1). What are the prime factors of (-5)/(s - 2)*124?
2, 31
Suppose 123 = 3*a - 672. Let n = 306 - a. What are the prime factors of n?
41
Let l(v) = -7*v + 2. Let f be l(3). Let o(b) be the third derivative of b**4/12 + 23*b**3/3 - 50*b**2 - 3*b. What are the prime factors of o(f)?
2
Suppose 0 = -2*b + 2*k + 156, -236 = -0*b - 3*b + 5*k. Suppose -13 = 15*o + b. List the prime factors of 4/12 - 184/o.
31
Let k(x) = 10549*x**2 + 6*x - 3. List the prime factors of k(1).
2, 1319
Let u(f) = 105*f**2 - f - 38. What are the prime factors of u(-6)?
2, 937
Let g = -1309 + 10540. What are the prime factors of g?
3, 17, 181
Let m be -4416*2/((12/(-11))/2). Suppose 0 = 18*i - 26*i + m. What are the prime factors of i?
2, 11, 23
Suppose 28*s = 24*s + 804. Suppose 65 + s = 2*k. Suppose -2*v + 4*i = -24 - 58, 3*v - i = k. List the prime factors of v.
3, 5
Suppose 94*g = 87*g + 43939. List the prime factors of g.
6277
Let u be 3*(-3160)/(-24)*42/15. Suppose u = g - 4*q, -2*q = q - 15. List the prime factors of g.
2, 563
Suppose -5*o = -9*o + x - 805, -5*x + 625 = -3*o. Let v be (0 + -2)/(-2)*-349. Let b = o - v. What are the prime factors of b?
149
Let v(z) = -18*z + 19. Let h(i) = -i**3 - 11*i**2 - 9*i + 12. Let t be h(-10). Let o be v(t). List the prime factors of -12 - -16 - 10*o.
2, 3, 29
Let j = 2628 - 620. What are the prime factors of j/(-6)*(-2)/(24/54)?
2, 3, 251
Suppose -2*p + 315 = -5*t, 490 = 3*p - 5*t + t. Suppose -2*c + 2*r - p = 0, -5*c - 359 - 67 = -4*r. Let m = c - -170. What are the prime factors of m?
2, 3, 7
Let f be (-4)/(-12) - (-741)/(-9). Let g = f + 131. What are the prime factors of -48*(g/(-28) + 0 + 1)?
2, 3
Suppose 3*t - 28959 = -5*u + 40839, 0 = 4*t + 16. Suppose -12*r = -u + 4086. List the prime factors of r.
823
Let x(g) be the third derivative of 47*g**4/24 + 7*g**3/6 - 359*g**2. Let i be -3 + 0 + 1 - -5. List the prime factors of x(i).
2, 37
Suppose -46*w + 363 = 133. Suppose 0 = -4*d + 5*v + 4, 8*d - 22 = 3*d + 2*v. Suppose -d*y + 7 = -w*y. What are the prime factors of y?
7
List the prime factors of (7476/(-147) + -16)*(1 + -8).
2, 3, 13
Let m = 11504 + -2460. List the prime factors of m.
2, 7, 17, 19
Suppose -19 = -3*q - 5*x, -2*q = -2*x + 7*x - 11. Suppose -q*r = -3*r - 115. Let i = r + 53. What are the prime factors of i?
2, 19
Let v(t) = -45*t + 36. Let l be v(-10). Suppose -229 - l = -13*p. What are the prime factors of p?
5, 11
Let q(y) = 113*y**2 + 209*y + 2956. List the prime factors of q(-15).
2, 13, 971
Suppose 4*w = -13*q + 17*q - 97824, -5*w + 146692 = 6*q. List the prime factors of q.
2, 6113
Suppose 0 = -5*n - 0*n + 175. Let w = -24 + n. Suppose 81 + w = 2*a. What are the prime factors of a?
2, 23
Suppose o = w + 3, -8*w + 11*w = -2*o + 11. Suppose o*z - 300 - 3408 = 5*m, -2781 = -3*z - 4*m. List the prime factors of z.
3, 103
Let c be 26572/26 - (4 + 1). Suppose 4131 = 6*b + c. List the prime factors of b.
3, 173
List the prime factors of -5*12/300*-201235.
167, 241
Let s(t) = 5*t + 44. Let g(y) = -10*y - 88. Suppose -117 = -13*k - 0. Let j(n) = k*s(n) + 4*g(n). What are the prime factors of j(22)?
2, 7, 11
Let c = -460 - -809. Suppose -192 = -3*k - 3*r, -3*r + 13 = -5*k + c. Let o = k + 91. List the prime factors of o.
157
Suppose 4*w - v = 29524, -35*w + 37*w - 14752 = 3*v. List the prime factors of w.
2, 3691
Let v(m) = m + 2. Let r be v(-6). Let f be (-72)/(-20) - r/10. Suppose 20 = -4*h, h - 308 = -f*o - 3*h. List the prime factors of o.
2, 41
Let